{"id":9786,"date":"2023-05-02T15:47:22","date_gmt":"2023-05-02T14:47:22","guid":{"rendered":"https:\/\/www.hgeendracht.nl\/?page_id=9786"},"modified":"2023-11-17T10:04:53","modified_gmt":"2023-11-17T09:04:53","slug":"persoonsgerichtezorg","status":"publish","type":"page","link":"https:\/\/www.hgeendracht.nl\/index.php\/persoonsgerichtezorg\/","title":{"rendered":"Persoonsgerichte zorg"},"content":{"rendered":"<p>[vc_row][vc_column][vc_empty_space height=&#8221;64px&#8221;][\/vc_column][\/vc_row][vc_row row_content_width=&#8221;grid&#8221;][vc_column width=&#8221;2\/3&#8243;][vc_custom_heading text=&#8221;Op weg naar \u00e9\u00e9n programma voor (meerdere) chronische aandoeningen.&#8221; font_container=&#8221;tag:h1|text_align:left&#8221; use_theme_fonts=&#8221;yes&#8221;][vc_column_text]<\/p>\n<h4><strong>Van ziekte naar gezondheid en welbevinden!<\/strong><\/h4>\n<p>De huidige benadering van gezondheidszorg is ingericht in denken vanuit lijnen, hokjes en hoepeltjes. De pati\u00ebnt gewend is dat zorg altijd beschikbaar is en in de toekomst zal zijn. We zijn eraan gewend geraakt dat de zorgprofessional het (gezondheids-)probleem oplost, zonder er zelf niet al te veel bij na te hoeven denken.<\/p>\n<p><strong>Waarom persoonsgerichte zorg?<\/strong><\/p>\n<p>Persoonsgerichte zorg begint bij alle betrokkenen; de pati\u00ebnt, diens naasten, de zorgverleners, verzekeraars, overheid, en hun perspectief op gezondheid en ziekte. Pas dan kan er worden toegewerkt naar de juiste zorg, op de juiste plaats (JZOJP).<\/p>\n<p>De huidige ketenzorg richt zich op het geprotocolleerd behandelen van de ziekte. Er wordt te weinig rekening gehouden met de wensen en behoeftes van pati\u00ebnten (<a href=\"https:\/\/www.ncbi.nlm.nih.gov\/pmc\/articles\/PMC7646288\/\">goal oriented care<\/a>).<\/p>\n<p>Steeds meer mensen krijgen de aankomende jaren (meerdere) chronische aandoeningen. De druk op de (keten)zorg neemt toe en de kosten zullen gaan stijgen.<\/p>\n<p>Mensen met meerdere chronische aandoeningen ontvangen zorg vanuit verschillende ketens. Dit kan leiden tot over-, of juist onder behandeling, tegenstrijdige adviezen en een versnippering van de zorg.<\/p>\n<p>Het huidige ketenzorgprotocol is gericht op procesindicatoren en rigide. Dat kan fijn zijn voor zorgverleners, want het is duidelijk wat er gedaan moet worden. Maar het biedt weinig vrijheid en zegt het niets over de ervaren gezondheid en het welbevinden van de pati\u00ebnt zelf.<\/p>\n<p>Om het juiste aanbod te kunnen bieden aan de chronisch patient is het moment aangebroken om ketenzorg te hervormen tot \u00e9\u00e9n zorgprogramma chronische aandoeningen, dat persoonsgerichter, effici\u00ebnter en duurzamer is. Niet de ziekte zal centraal staan, maar de wensen en behoeftes van de individuele pati\u00ebnt.<\/p>\n<p>In onze zorgprogramma\u2019s besteden we aandacht aan de mens in zijn totaliteit, dat wil zeggen alle aandoeningen, problemen en context van de pati\u00ebnt.<\/p>\n<p>De ondersteuning gaat zich richten op het welbevinden en eigen kracht van de pati\u00ebnt, De pati\u00ebnt krijgt zelf een actieve rol in de keuzes die gemaakt worden rondom gezondheid en gedrag. De huisartsenpraktijken en zorg- en welzijn partners stemmen af op de persoonlijke behoeften, wensen en voorkeuren. Hiermee geven we de pati\u00ebnt de regie over gezondheid en welbevinden.<\/p>\n<p>Naast de inhoud van het zorgprogramma zal er veel aandacht zijn voor de randvoorwaarden van persoonsgerichte zorg zoals als bekostiging, scholing en ICT.[\/vc_column_text][\/vc_column][vc_column width=&#8221;1\/3&#8243;][vc_single_image image=&#8221;10288&#8243; img_size=&#8221;full&#8221; css=&#8221;.vc_custom_1699630139766{margin-top: 30px !important;border-radius: 30px !important;}&#8221;][vc_empty_space][\/vc_column][\/vc_row][vc_row gap=&#8221;20&#8243; row_content_width=&#8221;grid&#8221; css=&#8221;.vc_custom_1682518119578{padding-right: 30px !important;padding-left: 30px !important;background-color: #e6edf4 !important;border-radius: 30px !important;}&#8221;][vc_column][vc_custom_heading text=&#8221;Waar wilt u meer over weten?&#8221; use_theme_fonts=&#8221;yes&#8221; css=&#8221;.vc_custom_1684747062149{margin-bottom: 60px !important;}&#8221;][vc_row_inner content_placement=&#8221;top&#8221; gap=&#8221;20&#8243; row_content_width=&#8221;grid&#8221; content_text_aligment=&#8221;left&#8221;][vc_column_inner width=&#8221;1\/4&#8243;][vc_single_image image=&#8221;9790&#8243; img_size=&#8221;full&#8221; style=&#8221;vc_box_shadow_3d&#8221; css=&#8221;.vc_custom_1684325460457{border-radius: 15px !important;}&#8221;][\/vc_column_inner][vc_column_inner width=&#8221;1\/4&#8243;][vc_column_text css=&#8221;.vc_custom_1684324492130{margin-top: 15px !important;}&#8221;]<\/p>\n<h3>Diabetes<\/h3>\n<p>[\/vc_column_text][vc_empty_space height=&#8221;20px&#8221;]<a itemprop=\"url\" href=\"https:\/\/www.hgeendracht.nl\/index.php\/diabetes\/\" target=\"_self\" style=\"color: #ffffff;background-color: #115293\" class=\"mkdf-btn mkdf-btn-medium mkdf-btn-solid mkdf-btn-solid-light mkdf-btn-custom-hover-bg mkdf-btn-custom-hover-color mkdf-btn-icon\" data-hover-color=\"#ffffff\" data-hover-bg-color=\"#ff0048\" >\n    <span class=\"mkdf-btn-text\">Ga verder<\/span>\n    <span class=\"mkdf-btn-icon-holder\">\n        <span class=\"mkdf-btn-icon-normal\" style=\"background-color: #115293\"><i class=\"mkdf-icon-font-awesome fa fa-arrow-right \" ><\/i><\/span>\n        <span class=\"mkdf-btn-icon-flip\" style=\"background-color: #115293\"><i class=\"mkdf-icon-font-awesome fa fa-arrow-right \" ><\/i><\/span>\n    <\/span>\n<\/a>[\/vc_column_inner][vc_column_inner width=&#8221;1\/4&#8243;][vc_single_image image=&#8221;10310&#8243; img_size=&#8221;full&#8221; style=&#8221;vc_box_shadow_3d&#8221; css=&#8221;.vc_custom_1700211899543{border-radius: 15px !important;}&#8221;][\/vc_column_inner][vc_column_inner width=&#8221;1\/4&#8243;][vc_column_text]<\/p>\n<h3>Gezonder leven<\/h3>\n<p>[\/vc_column_text][vc_empty_space height=&#8221;20px&#8221;]<a itemprop=\"url\" href=\"https:\/\/www.hgeendracht.nl\/index.php\/gezonderleven\/\" target=\"_self\" style=\"color: #ffffff;background-color: #115293\" class=\"mkdf-btn mkdf-btn-medium mkdf-btn-solid mkdf-btn-solid-light mkdf-btn-custom-hover-bg mkdf-btn-custom-hover-color mkdf-btn-icon\" data-hover-color=\"#ffffff\" data-hover-bg-color=\"#ff0048\" >\n    <span class=\"mkdf-btn-text\">Ga verder<\/span>\n    <span class=\"mkdf-btn-icon-holder\">\n        <span class=\"mkdf-btn-icon-normal\" style=\"background-color: #115293\"><i class=\"mkdf-icon-font-awesome fa fa-arrow-right \" ><\/i><\/span>\n        <span class=\"mkdf-btn-icon-flip\" style=\"background-color: #115293\"><i class=\"mkdf-icon-font-awesome fa fa-arrow-right \" ><\/i><\/span>\n    <\/span>\n<\/a>[\/vc_column_inner][\/vc_row_inner][vc_empty_space][vc_row_inner content_placement=&#8221;top&#8221; gap=&#8221;20&#8243; row_content_width=&#8221;grid&#8221; content_text_aligment=&#8221;left&#8221;][vc_column_inner width=&#8221;1\/4&#8243;][vc_single_image image=&#8221;9793&#8243; img_size=&#8221;full&#8221; style=&#8221;vc_box_shadow_3d&#8221; css=&#8221;.vc_custom_1684325578271{border-radius: 15px !important;}&#8221;][\/vc_column_inner][vc_column_inner width=&#8221;1\/4&#8243;][vc_column_text]<\/p>\n<h3>Hart- en vaatziekten<\/h3>\n<p>[\/vc_column_text][vc_empty_space height=&#8221;20px&#8221;]<a itemprop=\"url\" href=\"https:\/\/www.hgeendracht.nl\/index.php\/hart-en-vaten\/\" target=\"_self\" style=\"color: #ffffff;background-color: #115293\" class=\"mkdf-btn mkdf-btn-medium mkdf-btn-solid mkdf-btn-solid-light mkdf-btn-custom-hover-bg mkdf-btn-custom-hover-color mkdf-btn-icon\" data-hover-color=\"#ffffff\" data-hover-bg-color=\"#ff0048\" >\n    <span class=\"mkdf-btn-text\">Ga verder<\/span>\n    <span class=\"mkdf-btn-icon-holder\">\n        <span class=\"mkdf-btn-icon-normal\" style=\"background-color: #115293\"><i class=\"mkdf-icon-font-awesome fa fa-arrow-right \" ><\/i><\/span>\n        <span class=\"mkdf-btn-icon-flip\" style=\"background-color: #115293\"><i class=\"mkdf-icon-font-awesome fa fa-arrow-right \" ><\/i><\/span>\n    <\/span>\n<\/a>[\/vc_column_inner][vc_column_inner width=&#8221;1\/4&#8243;][vc_single_image image=&#8221;9791&#8243; img_size=&#8221;full&#8221; style=&#8221;vc_box_shadow_3d&#8221; css=&#8221;.vc_custom_1684325590234{border-radius: 15px !important;}&#8221;][\/vc_column_inner][vc_column_inner width=&#8221;1\/4&#8243;][vc_column_text]<\/p>\n<h3>Longziekten<\/h3>\n<p>[\/vc_column_text][vc_empty_space height=&#8221;20px&#8221;]<a itemprop=\"url\" href=\"https:\/\/www.hgeendracht.nl\/index.php\/longziekten\/\" target=\"_self\" style=\"color: #ffffff;background-color: #115293\" class=\"mkdf-btn mkdf-btn-medium mkdf-btn-solid mkdf-btn-solid-light mkdf-btn-custom-hover-bg mkdf-btn-custom-hover-color mkdf-btn-icon\" data-hover-color=\"#ffffff\" data-hover-bg-color=\"#ff0048\" >\n    <span class=\"mkdf-btn-text\">Ga verder<\/span>\n    <span class=\"mkdf-btn-icon-holder\">\n        <span class=\"mkdf-btn-icon-normal\" style=\"background-color: #115293\"><i class=\"mkdf-icon-font-awesome fa fa-arrow-right \" ><\/i><\/span>\n        <span class=\"mkdf-btn-icon-flip\" style=\"background-color: #115293\"><i class=\"mkdf-icon-font-awesome fa fa-arrow-right \" ><\/i><\/span>\n    <\/span>\n<\/a>[\/vc_column_inner][\/vc_row_inner][vc_empty_space][vc_row_inner content_placement=&#8221;top&#8221; gap=&#8221;20&#8243; row_content_width=&#8221;grid&#8221; content_text_aligment=&#8221;left&#8221;][vc_column_inner width=&#8221;1\/4&#8243;][vc_single_image image=&#8221;9795&#8243; img_size=&#8221;full&#8221; style=&#8221;vc_box_shadow_3d&#8221; css=&#8221;.vc_custom_1684325900927{border-radius: 15px !important;}&#8221;][\/vc_column_inner][vc_column_inner width=&#8221;1\/4&#8243;][vc_column_text]<\/p>\n<h3>Mentaal fit<\/h3>\n<p>[\/vc_column_text][vc_empty_space height=&#8221;20px&#8221;]<a itemprop=\"url\" href=\"https:\/\/www.hgeendracht.nl\/index.php\/mentaal-fit\/\" target=\"_self\" style=\"color: #ffffff;background-color: #115293\" class=\"mkdf-btn mkdf-btn-medium mkdf-btn-solid mkdf-btn-solid-light mkdf-btn-custom-hover-bg mkdf-btn-custom-hover-color mkdf-btn-icon\" data-hover-color=\"#ffffff\" data-hover-bg-color=\"#ff0048\" >\n    <span class=\"mkdf-btn-text\">Ga verder<\/span>\n    <span class=\"mkdf-btn-icon-holder\">\n        <span class=\"mkdf-btn-icon-normal\" style=\"background-color: #115293\"><i class=\"mkdf-icon-font-awesome fa fa-arrow-right \" ><\/i><\/span>\n        <span class=\"mkdf-btn-icon-flip\" style=\"background-color: #115293\"><i class=\"mkdf-icon-font-awesome fa fa-arrow-right \" ><\/i><\/span>\n    <\/span>\n<\/a>[\/vc_column_inner][vc_column_inner width=&#8221;1\/4&#8243;][vc_single_image image=&#8221;9798&#8243; img_size=&#8221;full&#8221; style=&#8221;vc_box_shadow_3d&#8221; css=&#8221;.vc_custom_1684325914106{border-radius: 15px !important;}&#8221;][\/vc_column_inner][vc_column_inner width=&#8221;1\/4&#8243;][vc_column_text]<\/p>\n<h3>Ouderenzorg<\/h3>\n<p>[\/vc_column_text][vc_empty_space height=&#8221;20px&#8221;]<a itemprop=\"url\" href=\"https:\/\/www.hgeendracht.nl\/index.php\/ouder-worden\/\" target=\"_self\" style=\"color: #ffffff;background-color: #115293\" class=\"mkdf-btn mkdf-btn-medium mkdf-btn-solid mkdf-btn-solid-light mkdf-btn-custom-hover-bg mkdf-btn-custom-hover-color mkdf-btn-icon\" data-hover-color=\"#ffffff\" data-hover-bg-color=\"#ff0048\" >\n    <span class=\"mkdf-btn-text\">Ga verder<\/span>\n    <span class=\"mkdf-btn-icon-holder\">\n        <span class=\"mkdf-btn-icon-normal\" style=\"background-color: #115293\"><i class=\"mkdf-icon-font-awesome fa fa-arrow-right \" ><\/i><\/span>\n        <span class=\"mkdf-btn-icon-flip\" style=\"background-color: #115293\"><i class=\"mkdf-icon-font-awesome fa fa-arrow-right \" ><\/i><\/span>\n    <\/span>\n<\/a>[\/vc_column_inner][\/vc_row_inner][vc_empty_space][\/vc_column][\/vc_row][vc_row][vc_column][vc_empty_space height=&#8221;64px&#8221;][\/vc_column][\/vc_row]<\/p>\n","protected":false},"excerpt":{"rendered":"<p>[vc_row][vc_column][vc_empty_space height=&#8221;64px&#8221;][\/vc_column][\/vc_row][vc_row row_content_width=&#8221;grid&#8221;][vc_column width=&#8221;2\/3&#8243;][vc_custom_heading text=&#8221;Op weg naar \u00e9\u00e9n programma voor (meerdere) chronische aandoeningen.&#8221; font_container=&#8221;tag:h1|text_align:left&#8221; use_theme_fonts=&#8221;yes&#8221;][vc_column_text] Van ziekte naar gezondheid en welbevinden! De huidige benadering van gezondheidszorg is ingericht in denken vanuit lijnen, hokjes en hoepeltjes. De pati\u00ebnt gewend is dat [&hellip;]<\/p>\n","protected":false},"author":1,"featured_media":0,"parent":0,"menu_order":0,"comment_status":"closed","ping_status":"closed","template":"full-width.php","meta":{"footnotes":""},"class_list":["post-9786","page","type-page","status-publish","hentry"],"_links":{"self":[{"href":"https:\/\/www.hgeendracht.nl\/index.php\/wp-json\/wp\/v2\/pages\/9786","targetHints":{"allow":["GET"]}}],"collection":[{"href":"https:\/\/www.hgeendracht.nl\/index.php\/wp-json\/wp\/v2\/pages"}],"about":[{"href":"https:\/\/www.hgeendracht.nl\/index.php\/wp-json\/wp\/v2\/types\/page"}],"author":[{"embeddable":true,"href":"https:\/\/www.hgeendracht.nl\/index.php\/wp-json\/wp\/v2\/users\/1"}],"replies":[{"embeddable":true,"href":"https:\/\/www.hgeendracht.nl\/index.php\/wp-json\/wp\/v2\/comments?post=9786"}],"version-history":[{"count":33,"href":"https:\/\/www.hgeendracht.nl\/index.php\/wp-json\/wp\/v2\/pages\/9786\/revisions"}],"predecessor-version":[{"id":10313,"href":"https:\/\/www.hgeendracht.nl\/index.php\/wp-json\/wp\/v2\/pages\/9786\/revisions\/10313"}],"wp:attachment":[{"href":"https:\/\/www.hgeendracht.nl\/index.php\/wp-json\/wp\/v2\/media?parent=9786"}],"curies":[{"name":"wp","href":"https:\/\/api.w.org\/{rel}","templated":true}]}}